{"id":1185,"date":"2023-06-20T13:24:01","date_gmt":"2023-06-20T13:24:01","guid":{"rendered":"https:\/\/naturasanaperu.com\/?post_type=product&#038;p=1185"},"modified":"2023-06-22T22:34:11","modified_gmt":"2023-06-22T22:34:11","slug":"maca","status":"publish","type":"product","link":"https:\/\/naturasanaperu.com\/index.php\/product\/maca\/","title":{"rendered":"MACA"},"content":{"rendered":"<div>\n<div>\n<p>Suplemento rico en vitaminas, sales minerales y carbohidratos que contiene hasta un 10% de carbohidratos, 10% de prote\u00ednas, hasta un 9% de fibra, y poco m\u00e1s de un 2% de grasas insaturadas. Ayuda a aumentar los niveles de energ\u00eda y proporciona vitalidad, reduciendo los s\u00edntomas del cansancio y la fatiga gracias a su contenido en hierro y vitaminas del grupo B.<\/p>\n<p>Alivia las molestias del s\u00edndrome premenstrual y de la menopausia gracias a su contenido en fitoestr\u00f3genos, sustancias similares a los estr\u00f3genos, principal hormona sexual femenina cuyos niveles se reducen dr\u00e1sticamente en la menopausia.<\/p>\n<\/div>\n<h2><strong>BENEFICIOS<\/strong><\/h2>\n<p>Para obtener resultados excelentes en el consumo de este producto seguir las indicaciones del modo de consumo.<\/p>\n<ul>\n<li>Rica en Vitaminas B, C y E. Suministra calcio, zinc, hierro, magnesio, f\u00f3sforo y amino\u00e1cidos.<\/li>\n<li>Sirve para aumentar la libido e incrementar el rendimiento sexual. Equilibra las hormonas y aumenta la fertilidad.<\/li>\n<li>Ayuda a aliviar los problemas menstruales y menopausicos.<\/li>\n<li>Es un potente energizante natural.<\/li>\n<li>Aumenta los gl\u00f3bulos rojos, mantiene sano los huesos y dientes, permite sanar las heridas r\u00e1pidamente.<\/li>\n<li>Ayuda a tratar el acn\u00e9 y las manchas. Disminuye la sensibilidad en la piel (ayuda a soportar temperaturas extremas).<\/li>\n<li>Equilibra el estado de \u00e1nimo, ayuda a concentrarse m\u00e1s y a tener m\u00e1s energ\u00eda.<\/li>\n<\/ul>\n<\/div>\n<h2><strong>MODO DE CONSUMO<\/strong><\/h2>\n<p>Consumir puro o diluir en un l\u00edquido saludable.<\/p>\n<p>Empieza a disfrutar de sus beneficios bebiendo dos cucharadas al d\u00eda despu\u00e9s de los alimentos y renueva tu salud.<\/p>\n","protected":false},"excerpt":{"rendered":"<p>Suplemento rico en vitaminas, sales minerales y carbohidratos que contiene hasta un 10% de carbohidratos, 10% de prote\u00ednas, hasta un 9% de fibra, y poco m\u00e1s de un 2% de grasas insaturadas. Ayuda a aumentar los niveles de energ\u00eda y proporciona vitalidad, reduciendo los s\u00edntomas del cansancio y la fatiga gracias a su contenido en hierro y vitaminas del grupo B.<\/p>\n","protected":false},"featured_media":1090,"comment_status":"open","ping_status":"closed","template":"","meta":{"_uag_custom_page_level_css":"","site-sidebar-layout":"default","site-content-layout":"default","ast-global-header-display":"","ast-banner-title-visibility":"","ast-main-header-display":"","ast-hfb-above-header-display":"","ast-hfb-below-header-display":"","ast-hfb-mobile-header-display":"","site-post-title":"","ast-breadcrumbs-content":"","ast-featured-img":"","footer-sml-layout":"","theme-transparent-header-meta":"default","adv-header-id-meta":"","stick-header-meta":"","header-above-stick-meta":"","header-main-stick-meta":"","header-below-stick-meta":"","_joinchat":[]},"product_cat":[27],"product_tag":[39,35,40],"uagb_featured_image_src":{"full":["https:\/\/naturasanaperu.com\/wp-content\/uploads\/2023\/06\/maca.png",1058,1058,false],"thumbnail":["https:\/\/naturasanaperu.com\/wp-content\/uploads\/2023\/06\/maca-150x150.png",150,150,true],"medium":["https:\/\/naturasanaperu.com\/wp-content\/uploads\/2023\/06\/maca-300x300.png",300,300,true],"medium_large":["https:\/\/naturasanaperu.com\/wp-content\/uploads\/2023\/06\/maca-768x768.png",768,768,true],"large":["https:\/\/naturasanaperu.com\/wp-content\/uploads\/2023\/06\/maca-1024x1024.png",1024,1024,true],"1536x1536":["https:\/\/naturasanaperu.com\/wp-content\/uploads\/2023\/06\/maca.png",1058,1058,false],"2048x2048":["https:\/\/naturasanaperu.com\/wp-content\/uploads\/2023\/06\/maca.png",1058,1058,false],"depicter-thumbnail":["https:\/\/naturasanaperu.com\/wp-content\/uploads\/2023\/06\/maca-200x200.png",200,200,true],"woocommerce_thumbnail":["https:\/\/naturasanaperu.com\/wp-content\/uploads\/2023\/06\/maca-300x300.png",300,300,true],"woocommerce_single":["https:\/\/naturasanaperu.com\/wp-content\/uploads\/2023\/06\/maca-600x600.png",600,600,true],"woocommerce_gallery_thumbnail":["https:\/\/naturasanaperu.com\/wp-content\/uploads\/2023\/06\/maca-100x100.png",100,100,true],"variation_swatches_image_size":["https:\/\/naturasanaperu.com\/wp-content\/uploads\/2023\/06\/maca.png",50,50,false],"variation_swatches_tooltip_size":["https:\/\/naturasanaperu.com\/wp-content\/uploads\/2023\/06\/maca.png",100,100,false],"dgwt-wcas-product-suggestion":["https:\/\/naturasanaperu.com\/wp-content\/uploads\/2023\/06\/maca-64x64.png",64,64,true]},"uagb_author_info":{"display_name":"naturasana_1@hotmail.com","author_link":"https:\/\/naturasanaperu.com\/index.php\/author\/"},"uagb_comment_info":0,"uagb_excerpt":"Suplemento rico en vitaminas, sales minerales y carbohidratos que contiene hasta un 10% de carbohidratos, 10% de prote\u00ednas, hasta un 9% de fibra, y poco m\u00e1s de un 2% de grasas insaturadas. Ayuda a aumentar los niveles de energ\u00eda y proporciona vitalidad, reduciendo los s\u00edntomas del cansancio y la fatiga gracias a su contenido en&hellip;","_links":{"self":[{"href":"https:\/\/naturasanaperu.com\/index.php\/wp-json\/wp\/v2\/product\/1185"}],"collection":[{"href":"https:\/\/naturasanaperu.com\/index.php\/wp-json\/wp\/v2\/product"}],"about":[{"href":"https:\/\/naturasanaperu.com\/index.php\/wp-json\/wp\/v2\/types\/product"}],"replies":[{"embeddable":true,"href":"https:\/\/naturasanaperu.com\/index.php\/wp-json\/wp\/v2\/comments?post=1185"}],"wp:featuredmedia":[{"embeddable":true,"href":"https:\/\/naturasanaperu.com\/index.php\/wp-json\/wp\/v2\/media\/1090"}],"wp:attachment":[{"href":"https:\/\/naturasanaperu.com\/index.php\/wp-json\/wp\/v2\/media?parent=1185"}],"wp:term":[{"taxonomy":"product_cat","embeddable":true,"href":"https:\/\/naturasanaperu.com\/index.php\/wp-json\/wp\/v2\/product_cat?post=1185"},{"taxonomy":"product_tag","embeddable":true,"href":"https:\/\/naturasanaperu.com\/index.php\/wp-json\/wp\/v2\/product_tag?post=1185"}],"curies":[{"name":"wp","href":"https:\/\/api.w.org\/{rel}","templated":true}]}}