{"id":1195,"date":"2023-06-20T13:39:46","date_gmt":"2023-06-20T13:39:46","guid":{"rendered":"https:\/\/naturasanaperu.com\/?post_type=product&#038;p=1195"},"modified":"2023-06-22T22:30:20","modified_gmt":"2023-06-22T22:30:20","slug":"pitahaya-2","status":"publish","type":"product","link":"https:\/\/naturasanaperu.com\/index.php\/product\/pitahaya-2\/","title":{"rendered":"PITAHAYA"},"content":{"rendered":"<div>\n<div>\n<p>La pitahaya, conocida tambi\u00e9n como la \u00abfruta del drag\u00f3n\u00bb, por causa de la c\u00e1scara irregular y de las escamas, es una fruta que en conjunto con una alimentaci\u00f3n saludable favorece la p\u00e9rdida de peso.<\/p>\n<p>Contiene minerales como el calcio, hierro y f\u00f3sforo. Asimismo, es una gran fuente de antioxidantes y vitaminas.<\/p>\n<\/div>\n<div>\n<div><\/div>\n<\/div>\n<h2><strong>BENEFICIOS<\/strong><\/h2>\n<p>Para obtener resultados excelentes en el consumo de este producto seguir las indicaciones del modo de consumo.<\/p>\n<ul>\n<li>Retrasa el envejecimiento celular.<\/li>\n<li>Refuerza el sistema inmunol\u00f3gico.<\/li>\n<li>Estimula la producci\u00f3n de gl\u00f3bulos blancos, rojos y plaquetas.<\/li>\n<li>Previene la arterioesclerosis.<\/li>\n<li>Ayuda a regular el tr\u00e1nsito intestina<\/li>\n<\/ul>\n<\/div>\n<h2><strong>MODO DE CONSUMO<\/strong><\/h2>\n<p>Consumir puro o diluir en un l\u00edquido saludable.<\/p>\n<p>Empieza a disfrutar de sus beneficios bebiendo dos cucharadas al d\u00eda despu\u00e9s de los alimentos y renueva tu salud.<\/p>\n","protected":false},"excerpt":{"rendered":"<p>La pitahaya, conocida tambi\u00e9n como la \u00abfruta del drag\u00f3n\u00bb, por causa de la c\u00e1scara irregular y de las escamas, es una fruta que en conjunto con una alimentaci\u00f3n saludable favorece la p\u00e9rdida de peso.<\/p>\n<p>Contiene minerales como el calcio, hierro y f\u00f3sforo. Asimismo, es una gran fuente de antioxidantes y vitaminas.<\/p>\n","protected":false},"featured_media":1081,"comment_status":"open","ping_status":"closed","template":"","meta":{"_uag_custom_page_level_css":"","site-sidebar-layout":"default","site-content-layout":"default","ast-global-header-display":"","ast-banner-title-visibility":"","ast-main-header-display":"","ast-hfb-above-header-display":"","ast-hfb-below-header-display":"","ast-hfb-mobile-header-display":"","site-post-title":"","ast-breadcrumbs-content":"","ast-featured-img":"","footer-sml-layout":"","theme-transparent-header-meta":"default","adv-header-id-meta":"","stick-header-meta":"","header-above-stick-meta":"","header-main-stick-meta":"","header-below-stick-meta":"","_joinchat":[]},"product_cat":[27],"product_tag":[37,32],"uagb_featured_image_src":{"full":["https:\/\/naturasanaperu.com\/wp-content\/uploads\/2023\/06\/pitajaya.png",1058,1058,false],"thumbnail":["https:\/\/naturasanaperu.com\/wp-content\/uploads\/2023\/06\/pitajaya-150x150.png",150,150,true],"medium":["https:\/\/naturasanaperu.com\/wp-content\/uploads\/2023\/06\/pitajaya-300x300.png",300,300,true],"medium_large":["https:\/\/naturasanaperu.com\/wp-content\/uploads\/2023\/06\/pitajaya-768x768.png",768,768,true],"large":["https:\/\/naturasanaperu.com\/wp-content\/uploads\/2023\/06\/pitajaya-1024x1024.png",1024,1024,true],"1536x1536":["https:\/\/naturasanaperu.com\/wp-content\/uploads\/2023\/06\/pitajaya.png",1058,1058,false],"2048x2048":["https:\/\/naturasanaperu.com\/wp-content\/uploads\/2023\/06\/pitajaya.png",1058,1058,false],"depicter-thumbnail":["https:\/\/naturasanaperu.com\/wp-content\/uploads\/2023\/06\/pitajaya-200x200.png",200,200,true],"woocommerce_thumbnail":["https:\/\/naturasanaperu.com\/wp-content\/uploads\/2023\/06\/pitajaya-300x300.png",300,300,true],"woocommerce_single":["https:\/\/naturasanaperu.com\/wp-content\/uploads\/2023\/06\/pitajaya-600x600.png",600,600,true],"woocommerce_gallery_thumbnail":["https:\/\/naturasanaperu.com\/wp-content\/uploads\/2023\/06\/pitajaya-100x100.png",100,100,true],"variation_swatches_image_size":["https:\/\/naturasanaperu.com\/wp-content\/uploads\/2023\/06\/pitajaya.png",50,50,false],"variation_swatches_tooltip_size":["https:\/\/naturasanaperu.com\/wp-content\/uploads\/2023\/06\/pitajaya.png",100,100,false],"dgwt-wcas-product-suggestion":["https:\/\/naturasanaperu.com\/wp-content\/uploads\/2023\/06\/pitajaya-64x64.png",64,64,true]},"uagb_author_info":{"display_name":"naturasana_1@hotmail.com","author_link":"https:\/\/naturasanaperu.com\/index.php\/author\/"},"uagb_comment_info":0,"uagb_excerpt":"La pitahaya, conocida tambi\u00e9n como la \u00abfruta del drag\u00f3n\u00bb, por causa de la c\u00e1scara irregular y de las escamas, es una fruta que en conjunto con una alimentaci\u00f3n saludable favorece la p\u00e9rdida de peso. Contiene minerales como el calcio, hierro y f\u00f3sforo. Asimismo, es una gran fuente de antioxidantes y vitaminas.","_links":{"self":[{"href":"https:\/\/naturasanaperu.com\/index.php\/wp-json\/wp\/v2\/product\/1195"}],"collection":[{"href":"https:\/\/naturasanaperu.com\/index.php\/wp-json\/wp\/v2\/product"}],"about":[{"href":"https:\/\/naturasanaperu.com\/index.php\/wp-json\/wp\/v2\/types\/product"}],"replies":[{"embeddable":true,"href":"https:\/\/naturasanaperu.com\/index.php\/wp-json\/wp\/v2\/comments?post=1195"}],"wp:featuredmedia":[{"embeddable":true,"href":"https:\/\/naturasanaperu.com\/index.php\/wp-json\/wp\/v2\/media\/1081"}],"wp:attachment":[{"href":"https:\/\/naturasanaperu.com\/index.php\/wp-json\/wp\/v2\/media?parent=1195"}],"wp:term":[{"taxonomy":"product_cat","embeddable":true,"href":"https:\/\/naturasanaperu.com\/index.php\/wp-json\/wp\/v2\/product_cat?post=1195"},{"taxonomy":"product_tag","embeddable":true,"href":"https:\/\/naturasanaperu.com\/index.php\/wp-json\/wp\/v2\/product_tag?post=1195"}],"curies":[{"name":"wp","href":"https:\/\/api.w.org\/{rel}","templated":true}]}}