{"id":938,"date":"2023-06-14T05:32:49","date_gmt":"2023-06-14T05:32:49","guid":{"rendered":"https:\/\/naturasanaperu.com\/?post_type=product&#038;p=938"},"modified":"2023-06-14T05:38:58","modified_gmt":"2023-06-14T05:38:58","slug":"una-de-gato","status":"publish","type":"product","link":"https:\/\/naturasanaperu.com\/index.php\/product\/una-de-gato\/","title":{"rendered":"U\u00d1A DE GATO"},"content":{"rendered":"<p>U\u00f1a de gato de naturasana es muy rica en gluc\u00f3sidos, que tienen funciones calmantes y antiinflamatorias en nuestro cuerpo. Si consumes esta planta, podr\u00e1s reducir la presencia de dolores e hinchazones en tus articulaciones.<\/p>\n<h2><strong>BENEFICIOS<\/strong><\/h2>\n<p>Para obtener resultados excelentes en el consumo de este producto seguir las indicaciones del modo de consumo.<\/p>\n<ul>\n<li>Favorece la actividad antiinflamatoria.<\/li>\n<li>Ayuda a activar las c\u00e9lulas del sistema inmunol\u00f3gico.<\/li>\n<li>Act\u00faa en la prevenci\u00f3n de enfermedades como prostatitis, \u00falceras, diabetes, diarreas.<\/li>\n<li>Ideal para aliviar dolores producidos por la ci\u00e1tica y lumbago.<\/li>\n<li>Colabora en contrarrestar dolencias reum\u00e1ticas, artr\u00edticas y ciertas enfermedades epid\u00e9rmicas.<\/li>\n<li>Contribuye en el tratamiento del asma, alergias, infecciones v\u00edrales agudas y cr\u00f3nicas.<\/li>\n<li>Antioxidante natural.<\/li>\n<li>Colabora en neutralizar la acidez del est\u00f3mago.<\/li>\n<li>Tiene acci\u00f3n diur\u00e9tica natural.<\/li>\n<li>Participa en la buena salud del coraz\u00f3n.<\/li>\n<\/ul>\n<h2><strong>MODO DE CONSUMO<\/strong><\/h2>\n<p>La dosis diaria recomendada es de (01) c\u00e1psula 3 veces al d\u00eda con cada comida. Se puede tomar con agua o zumo de frutas natural.<\/p>\n","protected":false},"excerpt":{"rendered":"<p>U\u00f1a de gato de naturasana es muy rica en gluc\u00f3sidos, que tienen funciones calmantes y antiinflamatorias en nuestro cuerpo. Si consumes esta planta, podr\u00e1s reducir la presencia de dolores e hinchazones en tus articulaciones.<\/p>\n<p>NaturaSana se esfuerza para ofrecerte alimentos y suplementos de la mejor calidad con ingredientes naturales.<\/p>\n","protected":false},"featured_media":900,"comment_status":"open","ping_status":"closed","template":"","meta":{"_uag_custom_page_level_css":"","site-sidebar-layout":"default","site-content-layout":"default","ast-global-header-display":"","ast-banner-title-visibility":"","ast-main-header-display":"","ast-hfb-above-header-display":"","ast-hfb-below-header-display":"","ast-hfb-mobile-header-display":"","site-post-title":"","ast-breadcrumbs-content":"","ast-featured-img":"","footer-sml-layout":"","theme-transparent-header-meta":"default","adv-header-id-meta":"","stick-header-meta":"","header-above-stick-meta":"","header-main-stick-meta":"","header-below-stick-meta":"","_joinchat":[]},"product_cat":[23],"product_tag":[],"uagb_featured_image_src":{"full":["https:\/\/naturasanaperu.com\/wp-content\/uploads\/2023\/06\/una-de-gato.png",1058,1058,false],"thumbnail":["https:\/\/naturasanaperu.com\/wp-content\/uploads\/2023\/06\/una-de-gato-150x150.png",150,150,true],"medium":["https:\/\/naturasanaperu.com\/wp-content\/uploads\/2023\/06\/una-de-gato-300x300.png",300,300,true],"medium_large":["https:\/\/naturasanaperu.com\/wp-content\/uploads\/2023\/06\/una-de-gato-768x768.png",768,768,true],"large":["https:\/\/naturasanaperu.com\/wp-content\/uploads\/2023\/06\/una-de-gato-1024x1024.png",1024,1024,true],"1536x1536":["https:\/\/naturasanaperu.com\/wp-content\/uploads\/2023\/06\/una-de-gato.png",1058,1058,false],"2048x2048":["https:\/\/naturasanaperu.com\/wp-content\/uploads\/2023\/06\/una-de-gato.png",1058,1058,false],"depicter-thumbnail":["https:\/\/naturasanaperu.com\/wp-content\/uploads\/2023\/06\/una-de-gato-200x200.png",200,200,true],"woocommerce_thumbnail":["https:\/\/naturasanaperu.com\/wp-content\/uploads\/2023\/06\/una-de-gato-300x300.png",300,300,true],"woocommerce_single":["https:\/\/naturasanaperu.com\/wp-content\/uploads\/2023\/06\/una-de-gato-600x600.png",600,600,true],"woocommerce_gallery_thumbnail":["https:\/\/naturasanaperu.com\/wp-content\/uploads\/2023\/06\/una-de-gato-100x100.png",100,100,true],"variation_swatches_image_size":["https:\/\/naturasanaperu.com\/wp-content\/uploads\/2023\/06\/una-de-gato.png",50,50,false],"variation_swatches_tooltip_size":["https:\/\/naturasanaperu.com\/wp-content\/uploads\/2023\/06\/una-de-gato.png",100,100,false],"dgwt-wcas-product-suggestion":["https:\/\/naturasanaperu.com\/wp-content\/uploads\/2023\/06\/una-de-gato-64x64.png",64,64,true]},"uagb_author_info":{"display_name":"naturasana_1@hotmail.com","author_link":"https:\/\/naturasanaperu.com\/index.php\/author\/"},"uagb_comment_info":0,"uagb_excerpt":"U\u00f1a de gato de naturasana es muy rica en gluc\u00f3sidos, que tienen funciones calmantes y antiinflamatorias en nuestro cuerpo. Si consumes esta planta, podr\u00e1s reducir la presencia de dolores e hinchazones en tus articulaciones. NaturaSana se esfuerza para ofrecerte alimentos y suplementos de la mejor calidad con ingredientes naturales.","_links":{"self":[{"href":"https:\/\/naturasanaperu.com\/index.php\/wp-json\/wp\/v2\/product\/938"}],"collection":[{"href":"https:\/\/naturasanaperu.com\/index.php\/wp-json\/wp\/v2\/product"}],"about":[{"href":"https:\/\/naturasanaperu.com\/index.php\/wp-json\/wp\/v2\/types\/product"}],"replies":[{"embeddable":true,"href":"https:\/\/naturasanaperu.com\/index.php\/wp-json\/wp\/v2\/comments?post=938"}],"wp:featuredmedia":[{"embeddable":true,"href":"https:\/\/naturasanaperu.com\/index.php\/wp-json\/wp\/v2\/media\/900"}],"wp:attachment":[{"href":"https:\/\/naturasanaperu.com\/index.php\/wp-json\/wp\/v2\/media?parent=938"}],"wp:term":[{"taxonomy":"product_cat","embeddable":true,"href":"https:\/\/naturasanaperu.com\/index.php\/wp-json\/wp\/v2\/product_cat?post=938"},{"taxonomy":"product_tag","embeddable":true,"href":"https:\/\/naturasanaperu.com\/index.php\/wp-json\/wp\/v2\/product_tag?post=938"}],"curies":[{"name":"wp","href":"https:\/\/api.w.org\/{rel}","templated":true}]}}